{"id":1025,"date":"2022-03-14T17:15:04","date_gmt":"2022-03-14T20:15:04","guid":{"rendered":"https:\/\/isfd235pinamar-bue.infd.edu.ar\/sitio\/?page_id=1025"},"modified":"2026-02-09T11:31:39","modified_gmt":"2026-02-09T14:31:39","slug":"inscripcion-a-finales","status":"publish","type":"page","link":"https:\/\/isfd235pinamar-bue.infd.edu.ar\/sitio\/inscripcion-a-finales\/","title":{"rendered":"INSCRIPCION MESAS DE EXAMEN"},"content":{"rendered":"\n<p><strong> PRIMER LLAMADO 202<\/strong>6<\/p>\n\n\n\n<p><a rel=\"noreferrer noopener\" href=\"https:\/\/isfd235pinamar-bue.infd.edu.ar\/sitio\/wp-content\/uploads\/2025\/07\/CORRELATIVIDADES.pdf\" target=\"_blank\">CORRELATIVIDADES<\/a>     (Tener en cuenta al momento de la inscripci\u00f3n las correlatividades porque no ser\u00e1 v\u00e1lida la inscripci\u00f3n)<\/p>\n\n\n\n<p><a href=\"https:\/\/isfd235pinamar-bue.infd.edu.ar\/sitio\/wp-content\/uploads\/2025\/11\/CURSADAS-PPC-Y-FINAL-OBLIGATORIO.docx\" data-type=\"URL\" data-id=\"https:\/\/isfd235pinamar-bue.infd.edu.ar\/sitio\/wp-content\/uploads\/2025\/11\/CURSADAS-PPC-Y-FINAL-OBLIGATORIO.docx\">ASIGNATURAS CON FINAL OBLIGATORIO Y PROPUESTA PEDAG\u00d3GICA COMBINADA (PPC)<\/a><\/p>\n\n\n\n<p><strong>Completar formulario. Hasta el 19\/02\/2026 inclusive<\/strong><\/p>\n\n\n\n<p><a rel=\"noreferrer noopener\" href=\"https:\/\/forms.gle\/UXr4AKTtbR7mfeVRA\" data-type=\"URL\" data-id=\"https:\/\/forms.gle\/UXr4AKTtbR7mfeVRA\" target=\"_blank\">PRIMARIA<\/a><\/p>\n\n\n\n<p><a href=\"https:\/\/forms.gle\/kioh2oKaG5BiD1uK8\" data-type=\"page\" data-id=\"2174\" target=\"_blank\" rel=\"noreferrer noopener\">GEOGRAF\u00cdA (DISE\u00d1O ANTERIOR)<\/a><\/p>\n\n\n\n<p><a href=\"https:\/\/forms.gle\/uPXmKZ2mB4mB7ty87\" target=\"_blank\" rel=\"noreferrer noopener\">GEOGRAF\u00cdA (DISE\u00d1O ACTUAL)<\/a><\/p>\n\n\n\n<p><a rel=\"noreferrer noopener\" href=\"https:\/\/forms.gle\/2YnwgfNB4rg7m3vk8\" target=\"_blank\">LITERATURA<\/a><\/p>\n\n\n\n<p><a href=\"https:\/\/docs.google.com\/forms\/d\/e\/1FAIpQLSe8o0H59puxSDYqy-dOIu19jf90EMpwZQ8y02cNNtm0qE-uMA\/viewform?usp=header\" data-type=\"URL\" data-id=\"https:\/\/docs.google.com\/forms\/d\/e\/1FAIpQLSe8o0H59puxSDYqy-dOIu19jf90EMpwZQ8y02cNNtm0qE-uMA\/viewform?usp=header\">BIOLOG\u00cdA<\/a><\/p>\n\n\n\n<h2 class=\"wp-block-heading\">Cronograma mesas de examen final <\/h2>\n\n\n\n<p><a href=\"https:\/\/docs.google.com\/spreadsheets\/d\/1nxLYwDoCCV4Wv87EOc61vZcAvQxb2VQf\/edit?usp=drive_link&amp;ouid=110331434465561725000&amp;rtpof=true&amp;sd=true\" data-type=\"URL\" data-id=\"https:\/\/docs.google.com\/spreadsheets\/d\/1nxLYwDoCCV4Wv87EOc61vZcAvQxb2VQf\/edit?usp=drive_link&amp;ouid=110331434465561725000&amp;rtpof=true&amp;sd=true\" target=\"_blank\" rel=\"noreferrer noopener\">VER ARCHIVO<\/a><\/p>\n\n\n\n<p><\/p>\n","protected":false},"excerpt":{"rendered":"<p>PRIMER LLAMADO 2026 CORRELATIVIDADES (Tener en cuenta al momento de la inscripci\u00f3n las correlatividades porque no ser\u00e1 v\u00e1lida la inscripci\u00f3n) ASIGNATURAS CON FINAL OBLIGATORIO Y PROPUESTA PEDAG\u00d3GICA COMBINADA (PPC) Completar formulario. Hasta el 19\/02\/2026 inclusive PRIMARIA GEOGRAF\u00cdA (DISE\u00d1O ANTERIOR) GEOGRAF\u00cdA (DISE\u00d1O ACTUAL) LITERATURA BIOLOG\u00cdA Cronograma mesas de examen final VER ARCHIVO<\/p>\n","protected":false},"author":228,"featured_media":0,"parent":0,"menu_order":0,"comment_status":"closed","ping_status":"closed","template":"","meta":[],"acf":[],"_links":{"self":[{"href":"https:\/\/isfd235pinamar-bue.infd.edu.ar\/sitio\/wp-json\/wp\/v2\/pages\/1025"}],"collection":[{"href":"https:\/\/isfd235pinamar-bue.infd.edu.ar\/sitio\/wp-json\/wp\/v2\/pages"}],"about":[{"href":"https:\/\/isfd235pinamar-bue.infd.edu.ar\/sitio\/wp-json\/wp\/v2\/types\/page"}],"author":[{"embeddable":true,"href":"https:\/\/isfd235pinamar-bue.infd.edu.ar\/sitio\/wp-json\/wp\/v2\/users\/228"}],"replies":[{"embeddable":true,"href":"https:\/\/isfd235pinamar-bue.infd.edu.ar\/sitio\/wp-json\/wp\/v2\/comments?post=1025"}],"version-history":[{"count":34,"href":"https:\/\/isfd235pinamar-bue.infd.edu.ar\/sitio\/wp-json\/wp\/v2\/pages\/1025\/revisions"}],"predecessor-version":[{"id":2257,"href":"https:\/\/isfd235pinamar-bue.infd.edu.ar\/sitio\/wp-json\/wp\/v2\/pages\/1025\/revisions\/2257"}],"wp:attachment":[{"href":"https:\/\/isfd235pinamar-bue.infd.edu.ar\/sitio\/wp-json\/wp\/v2\/media?parent=1025"}],"curies":[{"name":"wp","href":"https:\/\/api.w.org\/{rel}","templated":true}]}}